te h(j).
5
Let d(u) = -u**3 - 2*u**2 - 4. Let s be (4 - 76/12) + 4/(-6). Give d(s).
5
Let h(i) be the third derivative of -i**6/120 + i**5/12 - i**4/12 + i**3/2 - 93*i**2. What is h(5)?
-7
Suppose 15 = 5*b + 4*a, 5*a + 98 - 118 = -5*b. Let u(k) = 4 - 5 - 5*k - 7*k. What is u(b)?
11
Let u(j) = -j - 16. Suppose 0 = x - f, -2*x = -66*f + 68*f - 20. What is u(x)?
-21
Let h(j) be the second derivative of j**5/20 + j**2/2 - 4*j. Let c(p) = -5*p**3 + 3*p**2 - 6. Let k(t) = c(t) + 6*h(t). Calculate k(-2).
4
Let s = -60 - -42. Let x be 0/(-2) + 3*30/s. Let v(o) = -o**3 - 7*o**2 - 6*o + 7. Give v(x).
-13
Suppose -3*v + 5*x + 26 = 0, -v - 3*x - 2 = 8. Suppose -5*p - v*p + 6*p = 0. Let t(h) = h**3 - h**2 - h - 3. Give t(p).
-3
Let w(l) = l**2 - 2*l - 59. Let z be w(9). Let n(j) = j**3 - 4*j**2 + j - 7. What is n(z)?
-3
Let o(c) = c - 18. Let a be o(10). Let r be 1/4 + 10/a. Let z(j) = 6*j**2 - 1. Give z(r).
5
Let i(u) be the third derivative of u**5/60 - 7*u**4/24 + u**3 + 173*u**2. Determine i(3).
-6
Let v = 10 - 6. Suppose 5*g + v*y = -y + 35, 5*y = -3*g + 31. Let z(t) = t**2 - 1. Let x(s) = -s**3. Let f(d) = -2*x(d) - z(d). What is f(g)?
13
Let y(r) = r + 3. Let w = -6 + 4. Let q be w - -4 - (-9)/1. Let s = q + -17. Determine y(s).
-3
Let o(a) = 7*a + 28*a**3 + 2 + 5*a**2 + 4 - 27*a**3. Determine o(-4).
-6
Let o(k) = -k**3 - 16*k**2 + 15*k - 14. Let f be ((-540)/(-63) - 11)*7. What is o(f)?
20
Let s(f) = 2*f**2 - 11*f - 6. Let x be s(6). Let d(a) = -14*a + 21. Let q(z) = 5*z - 7. Let k(r) = -6*d(r) - 17*q(r). Determine k(x).
-7
Let p(u) = 5*u + 20 - 65 + 17 + 19. Determine p(8).
31
Let o(i) = i**3 + 24*i**2 - i - 34. Suppose 60 = -13*f - 252. Determine o(f).
-10
Suppose 0 = 2*x + x + 3, 16 = 3*c - x. Let q be c - (-7)/(7/2). Let g(l) = -l + 5. Let v(h) = -3*h + 14. Let k(p) = q*g(p) - 2*v(p). Calculate k(5).
2
Let x(k) = 2*k - 2. Suppose 0*s + s = 0. Suppose 0 = -s*l - 3*l - 15. Give x(l).
-12
Let q be (-4)/6 + (-8)/6. Let a be q/(-7) - (-26)/7. Let g(v) = v**3 + 6*v - 2 - 7*v**2 + a*v - 4*v. Calculate g(6).
-2
Let l(g) be the first derivative of 2 - 2/3*g**3 - 8*g - 5*g**2. Determine l(-6).
-20
Let z(i) = -2*i**3 - i**2 + 10*i + 18. Let d be z(-2). Let g(v) = -v**2 + 10*v - 4. Calculate g(d).
-4
Let i(x) = -3*x**2 - x + 1. Let f(s) = -27*s**2 - 4*s + 5. Let n(h) = f(h) - 5*i(h). Determine n(-1).
-13
Let a = -191 - -184. Let k(p) = 3*p + 17. What is k(a)?
-4
Suppose 65 = 3*m + 77. Let k(h) = h**2 + 7*h + 10. Give k(m).
-2
Suppose -4*z + 13 = 1. Suppose -5*o = -2*w - 146, 4*o = z*w - w + 116. Let j(n) = -13*n + o*n - 23*n. Determine j(2).
-12
Let i(l) = 10*l. Suppose -3*d + 14 = 2. Let a(s) = -s - 7. Let j be a(-9). Let g be 1*j - (-1 + d). Give i(g).
-10
Let g(b) = -b**2 + b - 1. Let h(q) = -4*q**2 + 9*q - 7. Let r(v) = 5*g(v) - h(v). Calculate r(-5).
-3
Let j(m) = m. Let v be (-8)/(3 + (0 - 5)). Suppose -v*b = -3*b - 3. Suppose -2*y + 12 = -b*s, -2*y - 2*s + 2 = -0*y. Calculate j(y).
3
Let i(k) = -k**2 + 402*k + 6 - 202*k - 196*k. Calculate i(5).
1
Suppose o = 4*q + 9 - 33, q - 2*o - 6 = 0. Let j(g) = g**2 - 6*g - 1. Give j(q).
-1
Let d be (-1 - (2 - 1))/(-9 - -8). Let z(b) = b**2 + 0*b + 2*b**3 + 0*b**3 - b - 2*b**d. Determine z(-1).
-2
Let p = -16 - -32. Let n = p - 16. Let h(v) = -5*v**3 - 5*v**2 - 7*v - 1. Let o(w) = 6*w**3 + 6*w**2 + 8*w + 1. Let j(a) = -7*h(a) - 6*o(a). Calculate j(n).
1
Suppose 3*q = 5*b - 29, -3*q - 2*q - 23 = -2*b. Suppose -b*c = -c + 15. Let l(a) = a**2 - 6 - 2*a**2 + 7 + 4*a + 0*a - 10*a. Give l(c).
6
Let u be 6 + 4/3*(1 + -4). Let d(k) = 2*k - 5. Let f(a) = a - 1. Let s(m) = -d(m) + 4*f(m). Determine s(u).
5
Let k(n) = 92*n**3 - 4*n + 4*n**2 + 2*n**2 - 1 + 83*n**3 - 176*n**3 - 2*n. Determine k(5).
-6
Let a(v) = -v**2 - 4*v + 9. Let u(p) = -1. Let b(j) = a(j) + 4*u(j). Let s be b(-5). Let f(g) = -8 + s + 9 + 2*g**2. Determine f(-2).
9
Let p(j) be the third derivative of -j**6/360 + j**5/30 + j**4/6 - j**3/3 + 4*j**2. Let b(f) be the first derivative of p(f). Determine b(4).
4
Let b(y) = -y + 1. Suppose x - 9 = 4*x. Suppose -1287 - 585 = 13*g. Let n be 1/x + g/(-27). Calculate b(n).
-4
Let u(x) = -x**2 - 409*x - 4*x**2 + 410*x. Let v = 39 - 40. Determine u(v).
-6
Let w be -12 + 2*(-4 - -3). Let n = w + 20. Let d(z) = -4*z**3 - 12*z**2 + 6*z + 1. Let s(i) = -i**3 - i**2 + 1. Let o(q) = d(q) - 5*s(q). What is o(n)?
-4
Let l(t) = -t**2 - 8*t - 7. Let f = 1032 + -1039. Give l(f).
0
Suppose -56 = 4*u - 5*d, 5*d - 9 = -2*u - 37. Let o = u - -15. Let q(z) be the third derivative of -z**5/30 - z**3/6 + 3*z**2. Calculate q(o).
-3
Let c(t) = 5*t + 193 - 5*t**2 + 4*t**2 - 204 + 2*t**2. Determine c(-7).
3
Let r(s) = -74*s - 2 + 159*s + s**2 - 76*s + s**2 + 0*s**2. Determine r(-3).
-11
Let h(n) = n - 8. Let g be h(6). Let f(a) be the second derivative of a**4/4 + 2*a**3/3 + 3*a**2/2 + a - 401. What is f(g)?
7
Let x(c) be the third derivative of -c**8/6720 + c**7/504 + c**6/360 + c**5/120 + c**4/6 + 14*c**2. Let k(i) be the second derivative of x(i). Give k(5).
11
Let c(y) = 3*y + 5. Suppose 2*u = 8 - 2. Let d(w) = w**2 - w. Let a(j) = 4*j**2 - 2*j + 1. Let f(z) = a(z) - 6*d(z). Let p be f(u). Determine c(p).
-10
Let z(d) = -d**3 + 11*d**2 + d - 12. Suppose -39*y + 86*y = 517. Give z(y).
-1
Let x(r) be the third derivative of -r**6/120 + r**5/5 + 5*r**4/24 - 5*r**3/6 - 9*r**2 + 3*r. Determine x(12).
55
Let f(u) = -5*u**3 + 4*u**2 - 3*u + 3. Let i(p) = 6*p**3 - 5*p**2 + 3*p - 3. Let z(c) = 7*f(c) + 6*i(c). Give z(3).
3
Let o(f) = f**2 + 3*f + 9. Let s = 234 + -240. Calculate o(s).
27
Let y(z) be the third derivative of -z**6/120 + z**5/30 + z**3/3 + 10*z**2 - 7*z. Calculate y(3).
-7
Let c be 36/(-27)*(-27)/12. Let t(h) = 2*h**2 - 3*h + 2. Give t(c).
11
Let q(y) = -1 + 0 + 26*y - 5*y - 3*y - 14*y. What is q(7)?
27
Let v(u) = -u**2 + 7*u - 6. Let x(j) = -3*j + 66. Let r be x(21). Let f be 1 - ((-24)/r + 5). Calculate v(f).
6
Let u be (3/(-1))/(21/(-56)). Let v(y) be the first derivative of -y**4/4 + 3*y**3 - 9*y**2/2 - 2*y - 27. Give v(u).
-10
Let x(c) = c**2 + 4*c + 9. Suppose 8 - 20 = 2*d. Determine x(d).
21
Let j(c) = -c - 31. Suppose -8*d - 33*d - 14*d = 0. What is j(d)?
-31
Let r = 63 - 63. Let j be 3/(3/(-8)) - (r - 3). Let w(b) = 3 - 4 + b**3 + 5*b**2 + 0*b**3. Calculate w(j).
-1
Let k(r) = -11*r. Let y(h) = -9*h + 1. Let q(i) = -k(i) + 2*y(i). Give q(-8).
58
Let h = -30 + 15. Let o = 11 + h. Let r(z) be the first derivative of 3*z**2/2 + 4*z - 2. Give r(o).
-8
Let c(b) be the first derivative of b**4/6 + b**2 - 5*b - 5. Let q(a) be the first derivative of c(a). Suppose 6*h + 8*h = 28. What is q(h)?
10
Let f(p) = -p**2 - 4*p + 2. Suppose -4*u = 2*o + 22, 5*u - u - 4*o = -4. Let k be f(u). Let y(j) = -2*j**3 - j**k + j**3 + 6 + 0*j**3 + j. Determine y(0).
6
Let c = -37 + 39. Let n(z) = 4*z - 8*z + 5 + z**c + 7*z. Suppose 2*l - l - 3*t + 1 = 0, 5*t = 2*l + 3. Calculate n(l).
9
Suppose -6 = 2*f + 2*t - 2, 0 = 3*f + 4*t + 9. Let x(o) = 1 + 7*o**3 + 0 + o**3. Determine x(f).
9
Suppose -139*s + 133*s - 24 = 0. Let b(t) = t**3 + 6*t**2 - 3*t + 5. Calculate b(s).
49
Let y be 1/(1/1) + -5. Let t = 4 + y. Let h(z) = 74575*z**3 - z**2 - 74576*z**3 - 9 - 2. Determine h(t).
-11
Let c be (9/(-6))/(1/4). Let i(h) be the first derivative of h**2 + 94. Give i(c).
-12
Let x(q) be the second derivative of -11*q**3/3 + q**2/2 - 2*q + 29. Let r be (-12)/3 + 15/3. What is x(r)?
-21
Suppose -12*c = -17*c + 5*v + 10, -15 = -3*v. Let s(o) = -o**3 + 7*o**2 - 3*o + 6. Calculate s(c).
-15
Let x(h) = -1 + 0 - 2*h - 4. Let d be x(-5). Let a(u) = 3 - 3 - 2 - 5*u + u**2. What is a(d)?
-2
Let f(m) be the first derivative of m**5/120 - 29*m**3/3 - 18. Let u(p) be the third derivative of f(p). Calculate u(-5).
-5
Let o(t) = -7*t - 8. Let c(r) = r + 1. Suppose 4*k - 4*a = -11 + 31, 2*k + 5*a = 17. Let b(i) = k*c(i) + o(i). Suppose -3*h + 16 = h. Give b(h).
-6
Let d(y) = -y + 2*y**2 - y**2 - y**3 + 0*y**3 - 9. Suppose -c - 13 = -5*q, -q + c = -0*q - 5. Suppose 0*m = -q*m. Give d(m).
-9
Let d(o) = 2*o**2 + 3*o + 1. Suppose -4*a - 5*g + 29 = 0, 2*a = 7*a - 3*g - 64. Let x = -7 + a. Suppose -x*z = 5*j - 7, 6 - 2 = z + 2*j. What is d(z)?
3
Let t(p) be the second derivative of -p**5/20 + 11*p**4/12 - 2*p**3 - 4*p**2 + 319*p. Give t(10).
-28
Let l(j) = -j**3 + 9*j**2 - 14